Let i be (1 - -1) + 9/3. Let v(o) = -7*o - 4*o + 2 + i*o - 7*o. List the prime factors of v(-1).
3, 5
Let h be (-335)/(-2)*(2 - 0). Let y = -230 + h. Suppose t + 3*f - 169 = -4*t, 3*t - y = -3*f. What are the prime factors of t?
2
Let w(m) = 89*m**2 + 1. Suppose 3*h - 3 = 2*y + 1, -2*h = -2*y - 2. List the prime factors of w(y).
2, 3, 5
Let u(j) = 3*j**3 + j**2 - 2*j - 4. Let k be u(-3). Let r = k + 108. Let q = r - 8. What are the prime factors of q?
2, 3, 5
Let y(b) = b**3 - 14*b**2 + b + 1. Let d(s) = s**2 + 14. Let l be 4/(-6) - 2/(-3). Let f be d(l). List the prime factors of y(f).
3, 5
Suppose -4*b - 4*f + 3192 = 0, -b + 0*b = -3*f - 798. List the prime factors of b.
2, 3, 7, 19
Let i = -39 - -29. Let u = 17 + i. Suppose -u*h + 66 = -6*h. List the prime factors of h.
2, 3, 11
Let y(j) = -2*j**3 + 9*j**2 - 5*j + 6. What are the prime factors of y(-6)?
2, 3, 11
Let f be 1 + (-3 - -3 - -13). Suppose -f*m + 12*m + 24 = 0. What are the prime factors of m?
2, 3
Let a = 32 + -56. Suppose 0 = 4*k + 277 - 89. Let j = a - k. What are the prime factors of j?
23
Let y(k) be the second derivative of k**5/20 - 7*k**4/12 - 3*k**3/2 + 7*k. Let q be y(8). What are the prime factors of (-144)/q*4/6?
2, 3
Let f(x) = -x**3 + 24*x**2 - 23*x + 2. Let q be f(23). Suppose 2*l + q*u - 223 = u, 4*l + 4*u = 440. What are the prime factors of l?
113
Suppose 4*n + 2*x + 389 + 617 = 0, 2*x = 4*n + 1010. Let b = -32 - n. List the prime factors of (-2)/(-4) + b/8.
2, 7
List the prime factors of ((-28)/21)/(28/(-4137)).
197
Suppose -2*z + 0*i + 9 = -i, 4*z - 24 = -4*i. Let l be (-10)/4*(-4)/z. Suppose l*p = 27 + 21. What are the prime factors of p?
2, 3
Suppose 4*b + 2 = 3*g - 36, 5*g = 10. Let m(i) = i**3 + 9*i**2 + 4*i - 1. What are the prime factors of m(b)?
31
Suppose z + w = 2285, 3*w = -6*z + 7*z - 2301. What are the prime factors of z?
3, 7, 109
Suppose -2*y = -6*y + h + 2334, -577 = -y - 3*h. List the prime factors of y.
11, 53
Let z = 27 - 21. Let h(n) = 11*n + 41. List the prime factors of h(z).
107
Suppose -59 - 185 = 4*x. Suppose -p + 6*b - b = -88, 2*p + 5*b - 176 = 0. Let m = x + p. List the prime factors of m.
3
What are the prime factors of ((-37)/(-2))/((-32)/(-3648))?
3, 19, 37
Suppose -3*w - 2*g + 7 + 10 = 0, -2*w + 10 = g. Suppose -p + 2*x = -0*p - 52, -230 = -4*p - w*x. What are the prime factors of (-1 + 5)/(7/p)?
2
Suppose 111 + 111 = 6*a. What are the prime factors of a?
37
Suppose 16*w = 14*w - 4. Let p be w/(-6) + 8/3. Suppose -4 = -4*q + p*q. List the prime factors of q.
2
Let y be ((-32)/6)/((-6)/9). Suppose 0 = 11*q - 9*q. Suppose -x + y = -q*x. List the prime factors of x.
2
Let u be (1/1 + -1 + 0)/2. List the prime factors of u - -1 - 8*(-9)/6.
13
Let v(c) = -1525*c + 8. Let s be v(6). What are the prime factors of (-15)/18 - s/84?
2, 3
Suppose 11*u + 101 - 3225 = 0. What are the prime factors of u?
2, 71
Let f(q) = 3*q + 4*q + 2 + 6*q**2 + 2 + 0. Let j be f(-4). Let d = j + -42. What are the prime factors of d?
2, 3, 5
Let v(t) = t**3 + 11*t**2 - 13*t - 12. Let u be v(-12). Suppose -3*z - c + 20 = 0, 8 = -u*c - 2*c. What are the prime factors of z?
2
Suppose 0 = 3*s + 2*i + 498, -8*i + 3*i - 332 = 2*s. List the prime factors of s/(-6) - (-14)/(-21).
3
Let f = 24 - 24. Suppose y + 5*q + 7 = 0, -4*y - 6 + f = -2*q. Let n = 35 - y. What are the prime factors of n?
37
Suppose -51*y - 2*k - 20 = -54*y, 4*y + 2*k - 36 = 0. Let d = -22 + 6. Let i = y - d. List the prime factors of i.
2, 3
Let x = 13 + -9. What are the prime factors of 9/(-1 + x) - -9?
2, 3
Let u(l) = -l + 3*l**2 + 167 - 173 - 5*l. List the prime factors of u(-5).
3, 11
Suppose 4*a + 4*i - 472 = 0, -a = a - 2*i - 220. What are the prime factors of (a/9)/(2/12)?
2, 19
Suppose 2*t - 100 - 8 = 0. What are the prime factors of (-533)/(-9) - 12/t?
59
Suppose -3*h = -6*h + 5*i - 48, 3*i = 3*h + 54. Let l = h + 8. Let f = 7 - l. What are the prime factors of f?
2, 5
Let q(p) = 492*p**2 + 1. Let d be q(-1). Let f = d + -251. What are the prime factors of f?
2, 11
Suppose -4*l = 17 - 5, -2*l = 2*r - 2022. List the prime factors of r.
2, 3, 13
Let k be 669/12 - (-3)/12. Suppose 22*p = 18*p - k. What are the prime factors of (-3)/(6/p) - -3?
2, 5
Let p be ((-2)/(-2))/((-1)/(-4)). Let i(z) = 2*z**3 + 27*z**2 + 13*z + 4. Let l be i(-13). Suppose l*k = 6*k - p. List the prime factors of k.
2
Let x be (12/24)/((-2)/8). What are the prime factors of (280/(-4))/x - -2?
37
Let o(w) = -w - 1. Let h(i) = i - 25. Let p(j) = -h(j) - 4*o(j). What are the prime factors of p(13)?
2, 17
Suppose -7*o + 1225 + 1988 = 0. What are the prime factors of o?
3, 17
Suppose -3*x + 202 = -5*q, 9*x + 3*q - 279 = 5*x. What are the prime factors of x?
3, 23
Suppose -2*u - 2*u = 16, -4*h + 6480 = -5*u. Suppose h = 5*l - 260. Suppose 115 = -5*s + l. What are the prime factors of s?
2, 13
Let i = 89 + -93. List the prime factors of (496/i)/(-1) - 1.
3, 41
Let s(n) = 15*n**2 - 3*n - 9. Let g be s(-4). Let a = g - 116. Suppose -2*i - a = -5*b, -3*b - 42 = -5*b + 3*i. What are the prime factors of b?
3
Let n be -4 + 4/(-4) - 1. Let w(y) = -3*y**3 - 6*y**2 + 3*y + 4. Let k be w(n). What are the prime factors of k/12 - 2/(-12)?
5, 7
Suppose -5*v = -5*o + 20, 4*v = -o + v + 8. Suppose -5*q + 0*d + 5*d + 590 = 0, -3*q + o*d + 362 = 0. What are the prime factors of q?
2, 3, 19
Suppose -2*q - 3 = -u, -u = 2*q - q - 3. Suppose q = a - 4 - 10. List the prime factors of a.
2, 7
Let c = -107 + 6335. What are the prime factors of c?
2, 3, 173
Let c(n) be the third derivative of 31*n**4/24 + n**3/6 - 10*n**2. Suppose -h = -2*l - 1 + 6, -5*h = -3*l + 18. List the prime factors of c(l).
2
List the prime factors of (1127 - -2) + -2 + -6 + 1.
2, 3, 11, 17
Let h(p) = 3*p**2 + 8*p. Let u(m) = -7*m**2 - 16*m - 1. Let o(d) = 9*h(d) + 4*u(d). List the prime factors of o(7).
3
Suppose 2 = 3*k - k. Let r = 22 + 3. List the prime factors of r*(k/1 - 0).
5
Suppose -2*o = -3*o + 5, 3*o + 440 = -5*l. Let f = -65 - l. What are the prime factors of f?
2, 13
Let h(y) = -4*y - 25. Let d be h(-8). Suppose -d*n + 65 + 40 = 0. List the prime factors of n.
3, 5
Let k(p) be the third derivative of p**6/120 - p**5/15 - p**4/8 - p**3/6 - 10*p**2. What are the prime factors of k(5)?
3
Suppose 7*g - 9*g + 1346 = 0. What are the prime factors of g?
673
Suppose 0 = -4*b - 2*h + 70, -2*h + 29 = 2*b + h. Let y = 21 - b. What are the prime factors of y?
2
Let c(k) = 3 - 7 + 3 + k**2 + 0. Let w be c(2). Suppose w*z + z = 108. List the prime factors of z.
3
What are the prime factors of (-24)/(-8) - -56*6?
3, 113
Let r be 42/14 - (0 - 1). Suppose 3*o + o - 200 = -3*n, 275 = r*n - 3*o. What are the prime factors of n?
2, 17
Let w = 3950 - 2504. What are the prime factors of w?
2, 3, 241
Suppose -16 = -3*m - m. Suppose m*d - 114 = d. What are the prime factors of (4 - 5) + d/2?
2, 3
Let r = -33 - -173. What are the prime factors of r?
2, 5, 7
Let b(n) = 256*n - 17. List the prime factors of b(1).
239
Let h be (-2020)/22 + (-9)/(198/4). Let k = h - -159. What are the prime factors of k?
67
Let s(v) = -10*v + 11. Let m be s(13). Let i = 217 + m. Suppose -2*q + i + 16 = 4*l, -2*l = 2*q - 56. What are the prime factors of l?
29
Let d be (-325)/2*(-24)/30. Let q = d + -35. Suppose 2*i - 5*m + 5 = i, -5*i + q = -m. What are the prime factors of i?
2, 5
Let t be ((-2)/(-3))/((-6)/(-9)). Suppose 4*d - 363 = t. List the prime factors of d.
7, 13
Let q = -11 - -11. Suppose q = 2*l - m - 92, -l = 4*l + 4*m - 243. List the prime factors of l.
47
What are the prime factors of -105*3/15*-14?
2, 3, 7
Let b = 9 - 8. Let i be (-21)/3 + -1*b. Let l = i + 13. What are the prime factors of l?
5
What are the prime factors of 6/9*-141*(-4)/8?
47
Let b(u) = 41*u**3 + 11*u**2 - 5*u + 36. What are the prime factors of b(5)?
7, 773
Let m = -879 + 1979. What are the prime factors of m?
2, 5, 11
Suppose -8*o = -15*o + 63. List the prime factors of ((-44)/(-3))/(6/o).
2, 11
Let z = -17 + 21. Suppose -z*f + 7*f = 183. What are the prime factors of f?
61
What are the prime factors of 1954 - (-2)/(9 - 5)*12?
2, 5, 7
Let x = 62 - 72. What are the prime factors of (-12 - x)/(1/(-29)) - -3?
61
Suppose -4*f - 2*d = 566 - 1974, f + 4*d - 345 = 0. What are the prime factors of f?
353
Let o = -20 + 11. Let